is divided by 20.
18
Calculate the remainder when 2349 is divided by 42.
39
Calculate the remainder when 190 is divided by 36.
10
What is the remainder when 855 is divided by 123?
117
Calculate the remainder when 162 is divided by 62.
38
What is the remainder when 2836 is divided by 360?
316
Calculate the remainder when 1422 is divided by 291.
258
Calculate the remainder when 2846 is divided by 13.
12
What is the remainder when 557 is divided by 40?
37
What is the remainder when 17899 is divided by 179?
178
Calculate the remainder when 500 is divided by 121.
16
What is the remainder when 391 is divided by 153?
85
Calculate the remainder when 166 is divided by 12.
10
What is the remainder when 1926 is divided by 47?
46
What is the remainder when 504 is divided by 106?
80
Calculate the remainder when 369 is divided by 34.
29
Calculate the remainder when 529 is divided by 13.
9
Calculate the remainder when 208 is divided by 35.
33
What is the remainder when 186 is divided by 27?
24
Calculate the remainder when 426 is divided by 197.
32
Calculate the remainder when 3899 is divided by 83.
81
What is the remainder when 1701 is divided by 131?
129
Calculate the remainder when 27 is divided by 3.
0
What is the remainder when 8353 is divided by 47?
34
Calculate the remainder when 178 is divided by 10.
8
What is the remainder when 233 is divided by 52?
25
What is the remainder when 210 is divided by 50?
10
Calculate the remainder when 154 is divided by 32.
26
What is the remainder when 70 is divided by 50?
20
What is the remainder when 47 is divided by 24?
23
Calculate the remainder when 325 is divided by 99.
28
What is the remainder when 2209 is divided by 387?
274
What is the remainder when 1156 is divided by 1142?
14
Calculate the remainder when 133 is divided by 27.
25
Calculate the remainder when 201 is divided by 12.
9
Calculate the remainder when 2257 is divided by 113.
110
What is the remainder when 169 is divided by 31?
14
What is the remainder when 1026 is divided by 37?
27
What is the remainder when 23 is divided by 9?
5
What is the remainder when 1108 is divided by 366?
10
Calculate the remainder when 434 is divided by 394.
40
Calculate the remainder when 17709 is divided by 22.
21
What is the remainder when 338 is divided by 49?
44
What is the remainder when 129 is divided by 34?
27
What is the remainder when 62 is divided by 11?
7
What is the remainder when 31 is divided by 18?
13
What is the remainder when 928 is divided by 93?
91
Calculate the remainder when 197 is divided by 8.
5
What is the remainder when 18197 is divided by 54?
53
Calculate the remainder when 183 is divided by 47.
42
What is the remainder when 1799 is divided by 165?
149
What is the remainder when 16 is divided by 12?
4
What is the remainder when 737 is divided by 258?
221
Calculate the remainder when 1995 is divided by 199.
5
What is the remainder when 175 is divided by 90?
85
Calculate the remainder when 256 is divided by 69.
49
Calculate the remainder when 94 is divided by 44.
6
What is the remainder when 1098 is divided by 11?
9
Calculate the remainder when 146 is divided by 21.
20
Calculate the remainder when 1262 is divided by 9.
2
Calculate the remainder when 688 is divided by 69.
67
What is the remainder when 278 is divided by 140?
138
What is the remainder when 185 is divided by 45?
5
What is the remainder when 487 is divided by 35?
32
What is the remainder when 15054 is divided by 72?
6
What is the remainder when 4506 is divided by 23?
21
What is the remainder when 335 is divided by 10?
5
What is the remainder when 1639 is divided by 150?
139
Calculate the remainder when 62 is divided by 61.
1
What is the remainder when 635 is divided by 34?
23
Calculate the remainder when 673 is divided by 113.
108
Calculate the remainder when 59 is divided by 10.
9
What is the remainder when 1020 is divided by 49?
40
What is the remainder when 862 is divided by 29?
21
What is the remainder when 946 is divided by 13?
10
What is the remainder when 717 is divided by 45?
42
Calculate the remainder when 38741 is divided by 63.
59
Calculate the remainder when 39309 is divided by 78.
75
Calculate the remainder when 139 is divided by 6.
1
Calculate the remainder when 761 is divided by 27.
5
Calculate the remainder when 881 is divided by 176.
1
Calculate the remainder when 229 is divided by 52.
21
What is the remainder when 114 is divided by 74?
40
What is the remainder when 185 is divided by 43?
13
What is the remainder when 420 is divided by 72?
60
Calculate the remainder when 723 is divided by 91.
86
What is the remainder when 373 is divided by 149?
75
Calculate the remainder when 244 is divided by 41.
39
What is the remainder when 134 is divided by 17?
15
What is the remainder when 20 is divided by 9?
2
What is the remainder when 201 is divided by 7?
5
Calculate the remainder when 12039 is divided by 35.
34
Calculate the remainder when 50 is divided by 30.
20
What is the remainder when 370 is divided by 73?
5
What is the remainder when 4629 is divided by 1537?
18
What is the remainder when 608 is divided by 114?
38
What is the remainder when 7557 is divided by 10?
7
Calculate the remainder when 272 is divided by 13.
12
What is the remainder when 493 is divided by 151?
40
What is the remainder when 753 is divided by 193?
174
What is the remainder when 703 is divided by 95?
38
What is the remainder when 1752 is divided by 88?
80
What is the remainder when 274 is divided by 155?
119
What is the remainder when 627 is divided by 34?
15
What is the remainder when 597 is divided by 100?
97
What is the remainder when 180 is divided by 91?
89
What is the remainder when 235 is divided by 64?
43
Calculate the remainder when 57 is divided by 45.
12
Calculate the remainder when 301 is divided by 78.
67
Calculate the remainder when 133 is divided by 119.
14
Calculate the remainder when 136 is divided by 23.
21
Calculate the remainder when 830 is divided by 30.
20
Calculate the remainder when 80 is divided by 21.
17
What is the remainder when 427 is divided by 11?
9
What is the remainder when 81 is divided by 48?
33
Calculate the remainder when 465 is divided by 87.
30
Calculate the remainder when 1075 is divided by 44.
19
What is the remainder when 52 is divided by 6?
4
What is the remainder when 159 is divided by 21?
12
Calculate the remainder when 759 is divided by 97.
80
What is the remainder when 4266 is divided by 15?
6
Calculate the remainder when 3609 is divided by 23.
21
What is the remainder when 353 is divided by 59?
58
What is the remainder when 178 is divided by 23?
17
Calculate the remainder when 514 is divided by 140.
94
What is the remainder when 439 is divided by 44?
43
Calculate the remainder when 193 is divided by 39.
37
Calculate the remainder when 325 is divided by 30.
25
Calculate the remainder when 818 is divided by 7.
6
Calculate the remainder when 635 is divided by 53.
52
What is the remainder when 453 is divided by 158?
137
What is the remainder when 296 is divided by 15?
11
What is the remainder when 585 is divided by 14?
11
What is the remainder when 175 is divided by 44?
43
Calculate the remainder when 46 is divided by 18.
10
What is the remainder when 320 is divided by 47?
38
What is the remainder when 4230 is divided by 1407?
9
Calculate the remainder when 165 is divided by 21.
18
Calculate the remainder when 1654 is divided by 79.
74
Calculate the remainder when 52 is divided by 35.
17
Calculate the remainder when 123 is divided by 14.
11
Calculate the remainder when 1062 is divided by 20.
2
What is the remainder when 3800 is divided by 180?
20
What is the remainder when 131 is divided by 11?
10
What is the remainder when 132 is divided by 24?
12
What is the remainder when 83 is divided by 30?
23
What is the remainder when 8243 is divided by 36?
35
What is the remainder when 553 is divided by 539?
14
Calculate the remainder when 124 is divided by 16.
12
What is the remainder when 42 is divided by 5?
2
What is the remainder when 301 is divided by 64?
45
Calculate the remainder when 236 is divided by 17.
15
What is the remainder when 1474 is divided by 186?
172
What is the remainder when 5758 is divided by 18?
16
What is the remainder when 317 is divided by 